{"id":2490,"date":"2026-02-08T11:32:14","date_gmt":"2026-02-08T11:32:14","guid":{"rendered":"https:\/\/www.gruenerzweig-nw.ch\/neu\/?page_id=2490"},"modified":"2026-02-08T11:35:03","modified_gmt":"2026-02-08T11:35:03","slug":"impressum","status":"publish","type":"page","link":"https:\/\/www.gruenerzweig-nw.ch\/neu\/impressum\/","title":{"rendered":"Impressum"},"content":{"rendered":"<div class=\"wpb-content-wrapper\"><p>[vc_row hide_bg_image_on_tablet=&#8220;&#8220; hide_bg_image_on_mobile=&#8220;&#8220; css=&#8220;.vc_custom_1527690597112{background-color: #f7f8f9 !important;}&#8220;][vc_column icons_position=&#8220;left&#8220;]<div id=\"sc_content_1999130338\"\n\t\tclass=\"sc_content color_style_default sc_content_default sc_float_center p70\"><div class=\"sc_content_container\">[vc_column_text css=&#8220;&#8220;]<\/p>\n<h3><strong>Impressum<\/strong><\/h3>\n<p><strong>Verantwortlich<\/strong><br \/>\nVerein Permagartenkultur Gr\u00fcner Zweig<\/p>\n<p>Peter Seeberger (Pr\u00e4sident)<br \/>\n<span class=\"sc_layouts_item_details sc_layouts_iconed_text_details\"><span class=\"sc_layouts_item_details_line2 sc_layouts_iconed_text_line2\">Kohlbachstrasse 85, 4242 Laufen<br \/>\n<\/span><\/span>Schweiz<\/p>\n<p><strong>Gestaltung<\/strong><br \/>\nDie grafische Gestaltung der Website wurde vereinsintern umgesetzt<br \/>\nbzw. mit Unterst\u00fctzung externer Gestalterinnen und Gestalter.<\/p>\n<p><strong>Fotos<\/strong><br \/>\nDie Urheberrechte f\u00fcr die auf dieser Website verwendeten Bilder liegen beim<br \/>\nVerein Gr\u00fcner Zweig oder bei den jeweils genannten Urheberinnen und Urhebern.<\/p>\n<p><strong>Pers\u00f6nlichkeitsrechte<\/strong><br \/>\nDie Wahrung der W\u00fcrde sowie der Schutz der Pers\u00f6nlichkeitsrechte sind uns wichtig.<br \/>\nFotos, Texte und Zitate von Personen werden nur mit deren Einverst\u00e4ndnis oder dem ihrer verantwortlichen Stellen ver\u00f6ffentlicht.<\/p>\n<p><strong>Haftungsausschluss<\/strong><br \/>\nDer Verein Gr\u00fcner Zweig bem\u00fcht sich um eine m\u00f6glichst korrekte und aktuelle Darstellung der Inhalte auf dieser Website. Trotz sorgf\u00e4ltiger Pr\u00fcfung k\u00f6nnen Fehler nicht ausgeschlossen werden.<\/p>\n<p>Die Nutzung der Inhalte erfolgt auf eigene Verantwortung. Der Verein \u00fcbernimmt keine Haftung f\u00fcr Sch\u00e4den, die aus der Nutzung der ver\u00f6ffentlichten Informationen entstehen.<\/p>\n<p>Hinweise oder Verbesserungsvorschl\u00e4ge nehmen wir gerne entgegen. Inhalte k\u00f6nnen jederzeit angepasst werden.[\/vc_column_text]<\/div><\/div><!-- \/.sc_content -->[vc_empty_space height=&#8220;4em&#8220; alter_height=&#8220;none&#8220; hide_on_mobile=&#8220;&#8220; hide_on_desktop=&#8220;&#8220; hide_on_notebook=&#8220;&#8220; hide_on_tablet=&#8220;&#8220;][\/vc_column][\/vc_row]<\/p>\n<\/div>","protected":false},"excerpt":{"rendered":"<p>[vc_row hide_bg_image_on_tablet=&#8220;&#8220; hide_bg_image_on_mobile=&#8220;&#8220; css=&#8220;.vc_custom_1527690597112{background-color: #f7f8f9 !important;}&#8220;][vc_column icons_position=&#8220;left&#8220;][vc_empty_space height=&#8220;4em&#8220; alter_height=&#8220;none&#8220; hide_on_mobile=&#8220;&#8220; hide_on_desktop=&#8220;&#8220; hide_on_notebook=&#8220;&#8220; hide_on_tablet=&#8220;&#8220;][\/vc_column][\/vc_row]<\/p>\n","protected":false},"author":1,"featured_media":0,"parent":0,"menu_order":0,"comment_status":"closed","ping_status":"closed","template":"","meta":{"_siteseo_robots_primary_cat":"","pagelayer_contact_templates":[],"_pagelayer_content":"","_price":"","_stock":"","_tribe_ticket_header":"","_tribe_default_ticket_provider":"","_tribe_ticket_capacity":"0","_ticket_start_date":"","_ticket_end_date":"","_tribe_ticket_show_description":"","_tribe_ticket_show_not_going":false,"_tribe_ticket_use_global_stock":"","_tribe_ticket_global_stock_level":"","_global_stock_mode":"","_global_stock_cap":"","_tribe_rsvp_for_event":"","_tribe_ticket_going_count":"","_tribe_ticket_not_going_count":"","_tribe_tickets_list":"[]","_tribe_ticket_has_attendee_info_fields":false,"footnotes":"","_tec_slr_enabled":"","_tec_slr_layout":""},"class_list":["post-2490","page","type-page","status-publish","hentry"],"ticketed":false,"_links":{"self":[{"href":"https:\/\/www.gruenerzweig-nw.ch\/neu\/wp-json\/wp\/v2\/pages\/2490","targetHints":{"allow":["GET"]}}],"collection":[{"href":"https:\/\/www.gruenerzweig-nw.ch\/neu\/wp-json\/wp\/v2\/pages"}],"about":[{"href":"https:\/\/www.gruenerzweig-nw.ch\/neu\/wp-json\/wp\/v2\/types\/page"}],"author":[{"embeddable":true,"href":"https:\/\/www.gruenerzweig-nw.ch\/neu\/wp-json\/wp\/v2\/users\/1"}],"replies":[{"embeddable":true,"href":"https:\/\/www.gruenerzweig-nw.ch\/neu\/wp-json\/wp\/v2\/comments?post=2490"}],"version-history":[{"count":3,"href":"https:\/\/www.gruenerzweig-nw.ch\/neu\/wp-json\/wp\/v2\/pages\/2490\/revisions"}],"predecessor-version":[{"id":2493,"href":"https:\/\/www.gruenerzweig-nw.ch\/neu\/wp-json\/wp\/v2\/pages\/2490\/revisions\/2493"}],"wp:attachment":[{"href":"https:\/\/www.gruenerzweig-nw.ch\/neu\/wp-json\/wp\/v2\/media?parent=2490"}],"curies":[{"name":"wp","href":"https:\/\/api.w.org\/{rel}","templated":true}]}}

<div class="wpb-content-wrapper"><p>[vc_row hide_bg_image_on_tablet=&#8220;&#8220; hide_bg_image_on_mobile=&#8220;&#8220; css=&#8220;.vc_custom_1527690597112{background-color: #f7f8f9 !important;}&#8220;][vc_column icons_position=&#8220;left&#8220;]<div id="sc_content_1999130338"
		class="sc_content color_style_default sc_content_default sc_float_center p70"><div class="sc_content_container">[vc_column_text css=&#8220;&#8220;]</p>
<h3><strong>Impressum</strong></h3>
<p><strong>Verantwortlich</strong><br />
Verein Permagartenkultur Grüner Zweig</p>
<p>Peter Seeberger (Präsident)<br />
<span class="sc_layouts_item_details sc_layouts_iconed_text_details"><span class="sc_layouts_item_details_line2 sc_layouts_iconed_text_line2">Kohlbachstrasse 85, 4242 Laufen<br />
</span></span>Schweiz</p>
<p><strong>Gestaltung</strong><br />
Die grafische Gestaltung der Website wurde vereinsintern umgesetzt<br />
bzw. mit Unterstützung externer Gestalterinnen und Gestalter.</p>
<p><strong>Fotos</strong><br />
Die Urheberrechte für die auf dieser Website verwendeten Bilder liegen beim<br />
Verein Grüner Zweig oder bei den jeweils genannten Urheberinnen und Urhebern.</p>
<p><strong>Persönlichkeitsrechte</strong><br />
Die Wahrung der Würde sowie der Schutz der Persönlichkeitsrechte sind uns wichtig.<br />
Fotos, Texte und Zitate von Personen werden nur mit deren Einverständnis oder dem ihrer verantwortlichen Stellen veröffentlicht.</p>
<p><strong>Haftungsausschluss</strong><br />
Der Verein Grüner Zweig bemüht sich um eine möglichst korrekte und aktuelle Darstellung der Inhalte auf dieser Website. Trotz sorgfältiger Prüfung können Fehler nicht ausgeschlossen werden.</p>
<p>Die Nutzung der Inhalte erfolgt auf eigene Verantwortung. Der Verein übernimmt keine Haftung für Schäden, die aus der Nutzung der veröffentlichten Informationen entstehen.</p>
<p>Hinweise oder Verbesserungsvorschläge nehmen wir gerne entgegen. Inhalte können jederzeit angepasst werden.[/vc_column_text]</div></div><!-- /.sc_content -->[vc_empty_space height=&#8220;4em&#8220; alter_height=&#8220;none&#8220; hide_on_mobile=&#8220;&#8220; hide_on_desktop=&#8220;&#8220; hide_on_notebook=&#8220;&#8220; hide_on_tablet=&#8220;&#8220;][/vc_column][/vc_row]</p>
</div>
