{"id":1965,"date":"2025-07-02T18:32:14","date_gmt":"2025-07-02T18:32:14","guid":{"rendered":"https:\/\/www.gruenerzweig-nw.ch\/neu\/?page_id=1965"},"modified":"2026-02-16T11:33:36","modified_gmt":"2026-02-16T11:33:36","slug":"mitmachen","status":"publish","type":"page","link":"https:\/\/www.gruenerzweig-nw.ch\/neu\/mitmachen\/","title":{"rendered":"Mitmachen"},"content":{"rendered":"<div class=\"wpb-content-wrapper\"><p>[vc_row][vc_column offset=&#8220;vc_col-lg-6 vc_col-xs-12&#8243;][vc_column_text css=&#8220;&#8220;]<\/p>\n<h5><\/h5>\n<h5 style=\"padding-left: 40px;\">M\u00f6chtest du uns dabei unterst\u00fctzen eine Landwirtschaftsbrache in ein Permakultur-Paradies zu verwandeln?<\/h5>\n<h5 style=\"padding-left: 40px;\"><strong>Wurde Dein Interesse geweckt und du m\u00f6chtest dich mit Gleichgesinnten zum <\/strong><strong>G\u00e4rtnern, Bauen, M\u00e4hen, Gemeinschaftspflegen und Feiern in unserem <\/strong><strong>Paradies an der Kohlbachstrasse 85 engagieren und <\/strong><strong>einbringen?<\/strong><\/h5>\n<h5 style=\"padding-left: 40px;\">Unter kundiger Leitung kannst du die Prinzipien der Permakultur erlernen und gleich in die Praxis umsetzen.\u00a0 Schreibe dich f\u00fcr einen Einsatz-Halbtag ein. Am Einsatztag ist die geeignete Kleidung, Handschuhe und gutes Schuhwerk wichtig.\u00a0 Werkzeug stellen wir zur Verf\u00fcgung.\u00a0 Bitte bringe auch dein Mittagessen mit \u2013 denn Geselligkeit ist bei uns genauso wichtig wie die Gartenarbeit.<\/h5>\n<h5 style=\"padding-left: 40px;\">Wir freuen uns \u00fcber viele junge und \u00e4ltere Freiwillige, die jeweils an den Samstagen in unserem Garten mitarbeiten.<\/h5>\n<h5 style=\"padding-left: 40px;\">Suche dir ein geeignetes Datum aus und melde dich zur Mitarbeit an<\/h5>\n<p>[\/vc_column_text][\/vc_column][vc_column offset=&#8220;vc_col-lg-6 vc_col-xs-12&#8243;][vc_row_inner][vc_column_inner css=&#8220;.vc_custom_1751532330998{margin-top: 20px !important;}&#8220;][\/vc_column_inner][\/vc_row_inner][vc_message css=&#8220;&#8220; closeable=&#8220;&#8220;]<\/p>\n<h5><strong>SCHNUPPERN<\/strong><\/h5>\n<p>Schau doch unverbindlich mal an einem Samstag ab 10:00 Uhr bei uns im<br \/>\nGarten vorbei und lass dich inspirieren.<br \/>\nMelde dich vorher bei Peter Seeberger, um sicher gehen zu k\u00f6nnen, dass<br \/>\njemand im Garten ist. Wir freuen uns auf dich!<br \/>\nE-Mail: peter.seeberger@gruenerzweig-nw.ch<br \/>\nTel: 076 584 30 58<\/p>\n<p>&nbsp;<\/p>\n<p>[\/vc_message][vc_empty_space height=&#8220;4.35em&#8220; alter_height=&#8220;none&#8220; hide_on_mobile=&#8220;&#8220;]<div id=\"sc_title_1002193676\"\n\t\tclass=\"sc_title color_style_default sc_title_default  vc_custom_1751486475480\"><h3 class=\"sc_item_title sc_title_title sc_align_left sc_item_title_style_default\">Antrag Mietgliedschaft<\/h3><div class=\"sc_item_descr sc_title_descr sc_align_left\"><p>Bitte f\u00fcllen Sie das Formular vollst\u00e4ndig aus und wir melden uns bei Dir<\/p>\n<\/div><\/div><!-- \/.sc_title --><div id=\"sc_content_592461785\"\n\t\tclass=\"sc_content color_style_default sc_content_default sc_content_width_70p sc_float_left sc_margin_tiny\"><div class=\"sc_content_container\">[vc_empty_space height=&#8220;0.5em&#8220; alter_height=&#8220;none&#8220; hide_on_mobile=&#8220;&#8220;]\n<div class=\"wpcf7 no-js\" id=\"wpcf7-f1969-o1\" lang=\"de-DE\" dir=\"ltr\" data-wpcf7-id=\"1969\">\n<div class=\"screen-reader-response\"><p role=\"status\" aria-live=\"polite\" aria-atomic=\"true\"><\/p> <ul><\/ul><\/div>\n<form action=\"\/neu\/wp-json\/wp\/v2\/pages\/1965#wpcf7-f1969-o1\" method=\"post\" class=\"wpcf7-form init\" aria-label=\"Kontaktformular\" novalidate=\"novalidate\" data-status=\"init\">\n<div style=\"display: none;\">\n<input type=\"hidden\" name=\"_wpcf7\" value=\"1969\" \/>\n<input type=\"hidden\" name=\"_wpcf7_version\" value=\"6.0.3\" \/>\n<input type=\"hidden\" name=\"_wpcf7_locale\" value=\"de_DE\" \/>\n<input type=\"hidden\" name=\"_wpcf7_unit_tag\" value=\"wpcf7-f1969-o1\" \/>\n<input type=\"hidden\" name=\"_wpcf7_container_post\" value=\"0\" \/>\n<input type=\"hidden\" name=\"_wpcf7_posted_data_hash\" value=\"\" \/>\n<\/div>\n<label> Dein Vor- und Nachname\n    <span class=\"wpcf7-form-control-wrap\" data-name=\"your-name\"><input size=\"40\" maxlength=\"400\" class=\"wpcf7-form-control wpcf7-text wpcf7-validates-as-required\" autocomplete=\"name\" aria-required=\"true\" aria-invalid=\"false\" value=\"\" type=\"text\" name=\"your-name\" \/><\/span> <\/label>\n\n<label> Deine E-Mail-Adresse\n    <span class=\"wpcf7-form-control-wrap\" data-name=\"your-email\"><input size=\"40\" maxlength=\"400\" class=\"wpcf7-form-control wpcf7-email wpcf7-validates-as-required wpcf7-text wpcf7-validates-as-email\" autocomplete=\"email\" aria-required=\"true\" aria-invalid=\"false\" value=\"\" type=\"email\" name=\"your-email\" \/><\/span> <\/label>\n\n<label> Deine Adresse mit PLZ und Ort<span class=\"wpcf7-form-control-wrap\" data-name=\"Adresse\"><textarea cols=\"40\" rows=\"10\" maxlength=\"2000\" class=\"wpcf7-form-control wpcf7-textarea\" aria-invalid=\"false\" name=\"Adresse\"><\/textarea><\/span>\n<\/label>\n<label> Telefon\n    <span class=\"wpcf7-form-control-wrap\" data-name=\"Telefon\"><input size=\"40\" maxlength=\"400\" class=\"wpcf7-form-control wpcf7-text wpcf7-validates-as-required\" aria-required=\"true\" aria-invalid=\"false\" value=\"\" type=\"text\" name=\"Telefon\" \/><\/span> <\/label>\n\n<label> Deine Nachricht (optional)\n    <span class=\"wpcf7-form-control-wrap\" data-name=\"your-message\"><textarea cols=\"40\" rows=\"10\" maxlength=\"2000\" class=\"wpcf7-form-control wpcf7-textarea\" aria-invalid=\"false\" name=\"your-message\"><\/textarea><\/span> <\/label>\n\n<span class=\"wpcf7-form-control-wrap\" data-name=\"Mitgliedschaft\"><span class=\"wpcf7-form-control wpcf7-radio\"><span class=\"wpcf7-list-item first last\"><label><input type=\"radio\" name=\"Mitgliedschaft\" value=\"Aktivmitglied\" \/><span class=\"wpcf7-list-item-label\">Aktivmitglied<\/span><\/label><\/span><\/span><\/span>\n<span class=\"wpcf7-form-control-wrap\" data-name=\"Mitgliedschaft\"><span class=\"wpcf7-form-control wpcf7-radio\"><span class=\"wpcf7-list-item first last\"><label><input type=\"radio\" name=\"Mitgliedschaft\" value=\"Passivmitglied\" \/><span class=\"wpcf7-list-item-label\">Passivmitglied<\/span><\/label><\/span><\/span><\/span>\n\n\n<span class=\"wpcf7-form-control-wrap\" data-name=\"checkbox-383\"><span class=\"wpcf7-form-control wpcf7-checkbox\"><span class=\"wpcf7-list-item first last\"><label><input type=\"checkbox\" name=\"checkbox-383[]\" value=\"Statuten akzeptiert\" \/><span class=\"wpcf7-list-item-label\">Statuten akzeptiert<\/span><\/label><\/span><\/span><\/span>\n\n\n<input class=\"wpcf7-form-control wpcf7-submit has-spinner\" type=\"submit\" value=\"Anfrage senden\" \/><div class=\"wpcf7-response-output\" aria-hidden=\"true\"><\/div>\n<\/form>\n<\/div>\n[vc_empty_space height=&#8220;4.35em&#8220; alter_height=&#8220;none&#8220; hide_on_mobile=&#8220;&#8220;][vc_empty_space height=&#8220;4.35em&#8220; alter_height=&#8220;none&#8220; hide_on_mobile=&#8220;1,3,2&#8243;]<\/div><\/div><!-- \/.sc_content -->[\/vc_column][\/vc_row][vc_row][vc_column][vc_empty_space height=&#8220;4.35em&#8220; alter_height=&#8220;none&#8220; hide_on_mobile=&#8220;1,3&#8243;][\/vc_column][\/vc_row][vc_row][vc_column width=&#8220;1\/2&#8243; offset=&#8220;vc_col-lg-6 vc_col-md-6 vc_col-xs-12&#8243;]<div id=\"sc_content_897341797\"\n\t\tclass=\"sc_content color_style_default sc_content_default sc_content_width_80p sc_float_right sc_align_right custom_align_left\"><div class=\"sc_content_container\"><div id=\"sc_title_1470318567\"\n\t\tclass=\"sc_title color_style_default sc_title_default\"><h6 class=\"sc_item_subtitle sc_title_subtitle sc_align_right sc_item_title_style_default\">Standort<\/h6><h3 class=\"sc_item_title sc_title_title sc_align_right sc_item_title_style_default\">Wo sind wir?<\/h3><\/div><!-- \/.sc_title -->[vc_empty_space height=&#8220;2.3em&#8220; alter_height=&#8220;none&#8220; hide_on_mobile=&#8220;&#8220;][vc_row_inner][vc_column_inner el_class=&#8220;custom_align_left&#8220; offset=&#8220;vc_col-lg-6 vc_col-xs-12&#8243;]<div id=\"widget_contacts_1140344342\" class=\"widget_area sc_widget_contacts vc_widget_contacts wpb_content_element\"><aside id=\"widget_contacts_1140344342_widget\" class=\"widget widget_contacts\"><div class=\"contacts_wrap\"><\/div><!-- \/.contacts_wrap --><\/aside><\/div>[\/vc_column_inner][\/vc_row_inner][vc_empty_space height=&#8220;2.3em&#8220; alter_height=&#8220;none&#8220; hide_on_mobile=&#8220;&#8220;]<\/div><\/div><!-- \/.sc_content -->[\/vc_column][vc_column width=&#8220;1\/2&#8243; offset=&#8220;vc_col-lg-6 vc_col-md-6 vc_col-xs-12&#8243;]<div id=\"sc_googlemap_1344019007_wrap\" class=\"sc_googlemap_wrap\"><div id=\"sc_googlemap_1344019007\"\n\t\t\tclass=\"sc_googlemap sc_googlemap_default\"\n\t\t\t style=\"width:100%;height:385px;\"\t\t\tdata-zoom=\"16\"\n\t\t\tdata-style=\"default\"\n\t\t\tdata-cluster-icon=\"\"\n        ><iframe\n                    src=\"https:\/\/maps.google.com\/maps?t=m&output=embed&iwloc=near&z=16&q=PermakulturGarten+Gr%C3%BCnerzweig%2C+4242+Laufen\"\n                    scrolling=\"no\"\n                    marginheight=\"0\"\n                    marginwidth=\"0\"\n                    frameborder=\"0\"\n                    aria-label=\"\"><\/iframe><\/div><\/div><!-- \/.sc_googlemap_wrap -->[vc_empty_space height=&#8220;4.4em&#8220; alter_height=&#8220;none&#8220; hide_on_mobile=&#8220;&#8220;][vc_empty_space height=&#8220;4.4em&#8220; alter_height=&#8220;none&#8220; hide_on_mobile=&#8220;3,2&#8243;][\/vc_column][\/vc_row]<\/p>\n<\/div>","protected":false},"excerpt":{"rendered":"<p>[vc_row][vc_column offset=&#8220;vc_col-lg-6 vc_col-xs-12&#8243;][vc_column_text css=&#8220;&#8220;] M\u00f6chtest du uns dabei unterst\u00fctzen eine Landwirtschaftsbrache in ein Permakultur-Paradies zu verwandeln? Wurde Dein Interesse geweckt und du m\u00f6chtest dich mit Gleichgesinnten zum G\u00e4rtnern, Bauen, M\u00e4hen,&hellip;<\/p>\n","protected":false},"author":1,"featured_media":0,"parent":0,"menu_order":0,"comment_status":"closed","ping_status":"closed","template":"","meta":{"_siteseo_robots_primary_cat":"","pagelayer_contact_templates":[],"_pagelayer_content":"","_price":"","_stock":"","_tribe_ticket_header":"","_tribe_default_ticket_provider":"","_tribe_ticket_capacity":"0","_ticket_start_date":"","_ticket_end_date":"","_tribe_ticket_show_description":"","_tribe_ticket_show_not_going":false,"_tribe_ticket_use_global_stock":"","_tribe_ticket_global_stock_level":"","_global_stock_mode":"","_global_stock_cap":"","_tribe_rsvp_for_event":"","_tribe_ticket_going_count":"","_tribe_ticket_not_going_count":"","_tribe_tickets_list":"[]","_tribe_ticket_has_attendee_info_fields":false,"footnotes":"","_tec_slr_enabled":"","_tec_slr_layout":""},"class_list":["post-1965","page","type-page","status-publish","hentry"],"ticketed":false,"_links":{"self":[{"href":"https:\/\/www.gruenerzweig-nw.ch\/neu\/wp-json\/wp\/v2\/pages\/1965","targetHints":{"allow":["GET"]}}],"collection":[{"href":"https:\/\/www.gruenerzweig-nw.ch\/neu\/wp-json\/wp\/v2\/pages"}],"about":[{"href":"https:\/\/www.gruenerzweig-nw.ch\/neu\/wp-json\/wp\/v2\/types\/page"}],"author":[{"embeddable":true,"href":"https:\/\/www.gruenerzweig-nw.ch\/neu\/wp-json\/wp\/v2\/users\/1"}],"replies":[{"embeddable":true,"href":"https:\/\/www.gruenerzweig-nw.ch\/neu\/wp-json\/wp\/v2\/comments?post=1965"}],"version-history":[{"count":18,"href":"https:\/\/www.gruenerzweig-nw.ch\/neu\/wp-json\/wp\/v2\/pages\/1965\/revisions"}],"predecessor-version":[{"id":2546,"href":"https:\/\/www.gruenerzweig-nw.ch\/neu\/wp-json\/wp\/v2\/pages\/1965\/revisions\/2546"}],"wp:attachment":[{"href":"https:\/\/www.gruenerzweig-nw.ch\/neu\/wp-json\/wp\/v2\/media?parent=1965"}],"curies":[{"name":"wp","href":"https:\/\/api.w.org\/{rel}","templated":true}]}}

<div class="wpb-content-wrapper"><p>[vc_row][vc_column offset=&#8220;vc_col-lg-6 vc_col-xs-12&#8243;][vc_column_text css=&#8220;&#8220;]</p>
<h5></h5>
<h5 style="padding-left: 40px;">Möchtest du uns dabei unterstützen eine Landwirtschaftsbrache in ein Permakultur-Paradies zu verwandeln?</h5>
<h5 style="padding-left: 40px;"><strong>Wurde Dein Interesse geweckt und du möchtest dich mit Gleichgesinnten zum </strong><strong>Gärtnern, Bauen, Mähen, Gemeinschaftspflegen und Feiern in unserem </strong><strong>Paradies an der Kohlbachstrasse 85 engagieren und </strong><strong>einbringen?</strong></h5>
<h5 style="padding-left: 40px;">Unter kundiger Leitung kannst du die Prinzipien der Permakultur erlernen und gleich in die Praxis umsetzen.  Schreibe dich für einen Einsatz-Halbtag ein. Am Einsatztag ist die geeignete Kleidung, Handschuhe und gutes Schuhwerk wichtig.  Werkzeug stellen wir zur Verfügung.  Bitte bringe auch dein Mittagessen mit – denn Geselligkeit ist bei uns genauso wichtig wie die Gartenarbeit.</h5>
<h5 style="padding-left: 40px;">Wir freuen uns über viele junge und ältere Freiwillige, die jeweils an den Samstagen in unserem Garten mitarbeiten.</h5>
<h5 style="padding-left: 40px;">Suche dir ein geeignetes Datum aus und melde dich zur Mitarbeit an</h5>
<p>[/vc_column_text][/vc_column][vc_column offset=&#8220;vc_col-lg-6 vc_col-xs-12&#8243;][vc_row_inner][vc_column_inner css=&#8220;.vc_custom_1751532330998{margin-top: 20px !important;}&#8220;][/vc_column_inner][/vc_row_inner][vc_message css=&#8220;&#8220; closeable=&#8220;&#8220;]</p>
<h5><strong>SCHNUPPERN</strong></h5>
<p>Schau doch unverbindlich mal an einem Samstag ab 10:00 Uhr bei uns im<br />
Garten vorbei und lass dich inspirieren.<br />
Melde dich vorher bei Peter Seeberger, um sicher gehen zu können, dass<br />
jemand im Garten ist. Wir freuen uns auf dich!<br />
E-Mail: peter.seeberger@gruenerzweig-nw.ch<br />
Tel: 076 584 30 58</p>
<p>&nbsp;</p>
<p>[/vc_message][vc_empty_space height=&#8220;4.35em&#8220; alter_height=&#8220;none&#8220; hide_on_mobile=&#8220;&#8220;]<div id="sc_title_1002193676"
		class="sc_title color_style_default sc_title_default  vc_custom_1751486475480"><h3 class="sc_item_title sc_title_title sc_align_left sc_item_title_style_default">Antrag Mietgliedschaft</h3><div class="sc_item_descr sc_title_descr sc_align_left"><p>Bitte füllen Sie das Formular vollständig aus und wir melden uns bei Dir</p>
</div></div><!-- /.sc_title --><div id="sc_content_592461785"
		class="sc_content color_style_default sc_content_default sc_content_width_70p sc_float_left sc_margin_tiny"><div class="sc_content_container">[vc_empty_space height=&#8220;0.5em&#8220; alter_height=&#8220;none&#8220; hide_on_mobile=&#8220;&#8220;]
<div class="wpcf7 no-js" id="wpcf7-f1969-o1" lang="de-DE" dir="ltr" data-wpcf7-id="1969">
<div class="screen-reader-response"><p role="status" aria-live="polite" aria-atomic="true"></p> <ul></ul></div>
<form action="/neu/wp-json/wp/v2/pages/1965#wpcf7-f1969-o1" method="post" class="wpcf7-form init" aria-label="Kontaktformular" novalidate="novalidate" data-status="init">
<div style="display: none;">
<input type="hidden" name="_wpcf7" value="1969" />
<input type="hidden" name="_wpcf7_version" value="6.0.3" />
<input type="hidden" name="_wpcf7_locale" value="de_DE" />
<input type="hidden" name="_wpcf7_unit_tag" value="wpcf7-f1969-o1" />
<input type="hidden" name="_wpcf7_container_post" value="0" />
<input type="hidden" name="_wpcf7_posted_data_hash" value="" />
</div>
<label> Dein Vor- und Nachname
    <span class="wpcf7-form-control-wrap" data-name="your-name"><input size="40" maxlength="400" class="wpcf7-form-control wpcf7-text wpcf7-validates-as-required" autocomplete="name" aria-required="true" aria-invalid="false" value="" type="text" name="your-name" /></span> </label>

<label> Deine E-Mail-Adresse
    <span class="wpcf7-form-control-wrap" data-name="your-email"><input size="40" maxlength="400" class="wpcf7-form-control wpcf7-email wpcf7-validates-as-required wpcf7-text wpcf7-validates-as-email" autocomplete="email" aria-required="true" aria-invalid="false" value="" type="email" name="your-email" /></span> </label>

<label> Deine Adresse mit PLZ und Ort<span class="wpcf7-form-control-wrap" data-name="Adresse"><textarea cols="40" rows="10" maxlength="2000" class="wpcf7-form-control wpcf7-textarea" aria-invalid="false" name="Adresse"></textarea></span>
</label>
<label> Telefon
    <span class="wpcf7-form-control-wrap" data-name="Telefon"><input size="40" maxlength="400" class="wpcf7-form-control wpcf7-text wpcf7-validates-as-required" aria-required="true" aria-invalid="false" value="" type="text" name="Telefon" /></span> </label>

<label> Deine Nachricht (optional)
    <span class="wpcf7-form-control-wrap" data-name="your-message"><textarea cols="40" rows="10" maxlength="2000" class="wpcf7-form-control wpcf7-textarea" aria-invalid="false" name="your-message"></textarea></span> </label>

<span class="wpcf7-form-control-wrap" data-name="Mitgliedschaft"><span class="wpcf7-form-control wpcf7-radio"><span class="wpcf7-list-item first last"><label><input type="radio" name="Mitgliedschaft" value="Aktivmitglied" /><span class="wpcf7-list-item-label">Aktivmitglied</span></label></span></span></span>
<span class="wpcf7-form-control-wrap" data-name="Mitgliedschaft"><span class="wpcf7-form-control wpcf7-radio"><span class="wpcf7-list-item first last"><label><input type="radio" name="Mitgliedschaft" value="Passivmitglied" /><span class="wpcf7-list-item-label">Passivmitglied</span></label></span></span></span>


<span class="wpcf7-form-control-wrap" data-name="checkbox-383"><span class="wpcf7-form-control wpcf7-checkbox"><span class="wpcf7-list-item first last"><label><input type="checkbox" name="checkbox-383[]" value="Statuten akzeptiert" /><span class="wpcf7-list-item-label">Statuten akzeptiert</span></label></span></span></span>


<input class="wpcf7-form-control wpcf7-submit has-spinner" type="submit" value="Anfrage senden" /><div class="wpcf7-response-output" aria-hidden="true"></div>
</form>
</div>
[vc_empty_space height=&#8220;4.35em&#8220; alter_height=&#8220;none&#8220; hide_on_mobile=&#8220;&#8220;][vc_empty_space height=&#8220;4.35em&#8220; alter_height=&#8220;none&#8220; hide_on_mobile=&#8220;1,3,2&#8243;]</div></div><!-- /.sc_content -->[/vc_column][/vc_row][vc_row][vc_column][vc_empty_space height=&#8220;4.35em&#8220; alter_height=&#8220;none&#8220; hide_on_mobile=&#8220;1,3&#8243;][/vc_column][/vc_row][vc_row][vc_column width=&#8220;1/2&#8243; offset=&#8220;vc_col-lg-6 vc_col-md-6 vc_col-xs-12&#8243;]<div id="sc_content_897341797"
		class="sc_content color_style_default sc_content_default sc_content_width_80p sc_float_right sc_align_right custom_align_left"><div class="sc_content_container"><div id="sc_title_1470318567"
		class="sc_title color_style_default sc_title_default"><h6 class="sc_item_subtitle sc_title_subtitle sc_align_right sc_item_title_style_default">Standort</h6><h3 class="sc_item_title sc_title_title sc_align_right sc_item_title_style_default">Wo sind wir?</h3></div><!-- /.sc_title -->[vc_empty_space height=&#8220;2.3em&#8220; alter_height=&#8220;none&#8220; hide_on_mobile=&#8220;&#8220;][vc_row_inner][vc_column_inner el_class=&#8220;custom_align_left&#8220; offset=&#8220;vc_col-lg-6 vc_col-xs-12&#8243;]<div id="widget_contacts_1140344342" class="widget_area sc_widget_contacts vc_widget_contacts wpb_content_element"><aside id="widget_contacts_1140344342_widget" class="widget widget_contacts"><div class="contacts_wrap"></div><!-- /.contacts_wrap --></aside></div>[/vc_column_inner][/vc_row_inner][vc_empty_space height=&#8220;2.3em&#8220; alter_height=&#8220;none&#8220; hide_on_mobile=&#8220;&#8220;]</div></div><!-- /.sc_content -->[/vc_column][vc_column width=&#8220;1/2&#8243; offset=&#8220;vc_col-lg-6 vc_col-md-6 vc_col-xs-12&#8243;]<div id="sc_googlemap_1344019007_wrap" class="sc_googlemap_wrap"><div id="sc_googlemap_1344019007"
			class="sc_googlemap sc_googlemap_default"
			 style="width:100%;height:385px;"			data-zoom="16"
			data-style="default"
			data-cluster-icon=""
        ><iframe
                    src="https://maps.google.com/maps?t=m&output=embed&iwloc=near&z=16&q=PermakulturGarten+Gr%C3%BCnerzweig%2C+4242+Laufen"
                    scrolling="no"
                    marginheight="0"
                    marginwidth="0"
                    frameborder="0"
                    aria-label=""></iframe></div></div><!-- /.sc_googlemap_wrap -->[vc_empty_space height=&#8220;4.4em&#8220; alter_height=&#8220;none&#8220; hide_on_mobile=&#8220;&#8220;][vc_empty_space height=&#8220;4.4em&#8220; alter_height=&#8220;none&#8220; hide_on_mobile=&#8220;3,2&#8243;][/vc_column][/vc_row]</p>
</div>

<p>[vc_row][vc_column offset=&#8220;vc_col-lg-6 vc_col-xs-12&#8243;][vc_column_text css=&#8220;&#8220;] Möchtest du uns dabei unterstützen eine Landwirtschaftsbrache in ein Permakultur-Paradies zu verwandeln? Wurde Dein Interesse geweckt und du möchtest dich mit Gleichgesinnten zum Gärtnern, Bauen, Mähen,&hellip;</p>
