{"id":279,"date":"2025-01-15T13:41:38","date_gmt":"2025-01-15T13:41:38","guid":{"rendered":"https:\/\/www.gruenerzweig-nw.ch\/neu\/?post_type=cpt_team&#038;p=279"},"modified":"2025-11-03T15:22:53","modified_gmt":"2025-11-03T15:22:53","slug":"evelyne-graf","status":"publish","type":"cpt_team","link":"https:\/\/www.gruenerzweig-nw.ch\/neu\/team\/evelyne-graf\/","title":{"rendered":"Evelyne Graf"},"content":{"rendered":"\n<p>Als Sozialarbeiterin ist es mir ein grosses Anliegen, dass Menschen einen Ort haben, wo sie sich begegnen und gemeinsam Erfahrungen machen k\u00f6nnen. Im gemeinsam G\u00e4rtnern und Gestalten erlebe ich immer wieder, wie die Natur uns ein Spiegel ist und wir in der Auseinandersetzung mit ihr individuell aber auch als Gemeinschaft daran wachsen k\u00f6nnen. Der Garten im Gr\u00fcnen Zweig erlebe ich als heilsam. Ich kann aus der Hektik des Alltags aussteigen und die Zeit vergesssen. Dankbar lasse ich die digitalen Ger\u00e4te zur\u00fcck und geniesse es, im Hier und Jetzt zu sein und das gr\u00f6ssere Ganze wahr zu nehmen.<\/p>\n","protected":false},"excerpt":{"rendered":"<p>Als Sozialarbeiterin ist es mir ein grosses Anliegen, dass Menschen einen Ort haben, wo sie sich begegnen und gemeinsam Erfahrungen machen k\u00f6nnen. Im gemeinsam G\u00e4rtnern und Gestalten erlebe ich immer&hellip;<\/p>\n","protected":false},"author":1,"featured_media":2058,"template":"","class_list":["post-279","cpt_team","type-cpt_team","status-publish","has-post-thumbnail","hentry","cpt_team_group-vorstand"],"_links":{"self":[{"href":"https:\/\/www.gruenerzweig-nw.ch\/neu\/wp-json\/wp\/v2\/cpt_team\/279","targetHints":{"allow":["GET"]}}],"collection":[{"href":"https:\/\/www.gruenerzweig-nw.ch\/neu\/wp-json\/wp\/v2\/cpt_team"}],"about":[{"href":"https:\/\/www.gruenerzweig-nw.ch\/neu\/wp-json\/wp\/v2\/types\/cpt_team"}],"author":[{"embeddable":true,"href":"https:\/\/www.gruenerzweig-nw.ch\/neu\/wp-json\/wp\/v2\/users\/1"}],"wp:featuredmedia":[{"embeddable":true,"href":"https:\/\/www.gruenerzweig-nw.ch\/neu\/wp-json\/wp\/v2\/media\/2058"}],"wp:attachment":[{"href":"https:\/\/www.gruenerzweig-nw.ch\/neu\/wp-json\/wp\/v2\/media?parent=279"}],"curies":[{"name":"wp","href":"https:\/\/api.w.org\/{rel}","templated":true}]}}

<p>Als Sozialarbeiterin ist es mir ein grosses Anliegen, dass Menschen einen Ort haben, wo sie sich begegnen und gemeinsam Erfahrungen machen können. Im gemeinsam Gärtnern und Gestalten erlebe ich immer wieder, wie die Natur uns ein Spiegel ist und wir in der Auseinandersetzung mit ihr individuell aber auch als Gemeinschaft daran wachsen können. Der Garten im Grünen Zweig erlebe ich als heilsam. Ich kann aus der Hektik des Alltags aussteigen und die Zeit vergesssen. Dankbar lasse ich die digitalen Geräte zurück und geniesse es, im Hier und Jetzt zu sein und das grössere Ganze wahr zu nehmen.</p>

<p>Als Sozialarbeiterin ist es mir ein grosses Anliegen, dass Menschen einen Ort haben, wo sie sich begegnen und gemeinsam Erfahrungen machen können. Im gemeinsam Gärtnern und Gestalten erlebe ich immer&hellip;</p>
