{"id":246,"date":"2025-01-29T12:12:58","date_gmt":"2025-01-29T12:12:58","guid":{"rendered":"https:\/\/www.gruenerzweig-nw.ch\/neu\/?post_type=cpt_services&#038;p=246"},"modified":"2025-12-05T10:18:49","modified_gmt":"2025-12-05T10:18:49","slug":"plants","status":"publish","type":"cpt_services","link":"https:\/\/www.gruenerzweig-nw.ch\/neu\/services\/plants\/","title":{"rendered":"Begegnung"},"content":{"rendered":"\n<h4 class=\"wp-block-heading\">Begegnungen im Permakulturgarten<\/h4>\n\n\n\n<p>Unser Permakulturgarten ist mehr als ein Ort zum G\u00e4rtnern \u2013 er ist ein lebendiger Treffpunkt f\u00fcr Menschen, Natur und Gemeinschaft. Hier begegnen wir uns mit offenen Herzen, tauschen Wissen, Erfahrungen und Geschichten aus und gestalten gemeinsam einen Ort des Miteinanders.<\/p>\n\n\n\n<p>In unserer Jurte finden Feste, Gespr\u00e4che und inspirierende Veranstaltungen statt. Beim J\u00e4ten, S\u00e4en und Ernten im Gem\u00fcsegarten stehen wir Seite an Seite, lachen, lernen und genie\u00dfen die Fr\u00fcchte unserer Arbeit \u2013 oft bei einem St\u00fcck knuspriger Pizza aus dem Lehmofen.<\/p>\n\n\n\n<p>Besonders beliebt sind unsere <strong data-start=\"764\" data-end=\"784\">Mitmach-Samstage<\/strong> und <strong data-start=\"789\" data-end=\"807\">Genuss-Treffen<\/strong>, bei denen jede und jeder willkommen ist. Jeden ersten Samstag im Monat laden wir zu spannenden <strong data-start=\"904\" data-end=\"925\">Mitmach-Vortr\u00e4gen<\/strong> ein \u2013 von Kompost und Heubeet \u00fcber Sensen bis Rosenpflege.<\/p>\n\n\n\n<p>So entsteht ein Ort, an dem Menschen sich begegnen, Natur erleben und Gemeinschaft wachsen darf \u2013 ganz im Sinne der Permakultur: achtsam, nachhaltig und mit Freude am Leben.<\/p>\n\n\n\n<h4 class=\"wp-block-heading\">Begegnungsorte<\/h4>\n\n\n\n<p>Bereits zu Beginn unseres Gartenprojektes entstand der Wunsch nach einem Klubhaus, einem Kultur- einem Aufw\u00e4rm-Raum. Dank einer grossz\u00fcgigen Projektspende von Aqua Solar ist unser Verein seit September 2023 stolze Besitzerin einer Jurte.<\/p>\n\n\n\n<figure class=\"wp-block-image size-full is-resized\"><img loading=\"lazy\" decoding=\"async\" width=\"643\" height=\"482\" src=\"https:\/\/www.gruenerzweig-nw.ch\/neu\/wp-content\/uploads\/2025\/12\/Bild1.png\" alt=\"\" class=\"wp-image-2363\" style=\"width:814px;height:auto\" srcset=\"https:\/\/www.gruenerzweig-nw.ch\/neu\/wp-content\/uploads\/2025\/12\/Bild1.png 643w, https:\/\/www.gruenerzweig-nw.ch\/neu\/wp-content\/uploads\/2025\/12\/Bild1-300x225.png 300w, https:\/\/www.gruenerzweig-nw.ch\/neu\/wp-content\/uploads\/2025\/12\/Bild1-370x277.png 370w\" sizes=\"auto, (max-width: 643px) 100vw, 643px\" \/><\/figure>\n\n\n\n<p><\/p>\n\n\n\n<figure class=\"wp-block-image size-full is-resized\"><img loading=\"lazy\" decoding=\"async\" width=\"643\" height=\"482\" src=\"https:\/\/www.gruenerzweig-nw.ch\/neu\/wp-content\/uploads\/2025\/12\/Bild2.png\" alt=\"\" class=\"wp-image-2364\" style=\"width:814px;height:auto\" srcset=\"https:\/\/www.gruenerzweig-nw.ch\/neu\/wp-content\/uploads\/2025\/12\/Bild2.png 643w, https:\/\/www.gruenerzweig-nw.ch\/neu\/wp-content\/uploads\/2025\/12\/Bild2-300x225.png 300w, https:\/\/www.gruenerzweig-nw.ch\/neu\/wp-content\/uploads\/2025\/12\/Bild2-370x277.png 370w\" sizes=\"auto, (max-width: 643px) 100vw, 643px\" \/><\/figure>\n\n\n\n<p><\/p>\n\n\n\n<figure class=\"wp-block-image size-full is-resized\"><img loading=\"lazy\" decoding=\"async\" width=\"643\" height=\"482\" src=\"https:\/\/www.gruenerzweig-nw.ch\/neu\/wp-content\/uploads\/2025\/12\/Bild3.png\" alt=\"\" class=\"wp-image-2365\" style=\"width:815px;height:auto\" srcset=\"https:\/\/www.gruenerzweig-nw.ch\/neu\/wp-content\/uploads\/2025\/12\/Bild3.png 643w, https:\/\/www.gruenerzweig-nw.ch\/neu\/wp-content\/uploads\/2025\/12\/Bild3-300x225.png 300w, https:\/\/www.gruenerzweig-nw.ch\/neu\/wp-content\/uploads\/2025\/12\/Bild3-370x277.png 370w\" sizes=\"auto, (max-width: 643px) 100vw, 643px\" \/><\/figure>\n\n\n\n<p><\/p>\n\n\n\n<figure class=\"wp-block-image size-full is-resized\"><img loading=\"lazy\" decoding=\"async\" width=\"643\" height=\"857\" src=\"https:\/\/www.gruenerzweig-nw.ch\/neu\/wp-content\/uploads\/2025\/12\/Bild4.png\" alt=\"\" class=\"wp-image-2366\" style=\"width:810px;height:auto\" srcset=\"https:\/\/www.gruenerzweig-nw.ch\/neu\/wp-content\/uploads\/2025\/12\/Bild4.png 643w, https:\/\/www.gruenerzweig-nw.ch\/neu\/wp-content\/uploads\/2025\/12\/Bild4-225x300.png 225w, https:\/\/www.gruenerzweig-nw.ch\/neu\/wp-content\/uploads\/2025\/12\/Bild4-370x493.png 370w\" sizes=\"auto, (max-width: 643px) 100vw, 643px\" \/><\/figure>\n\n\n\n<p><\/p>\n\n\n\n<figure class=\"wp-block-image size-full is-resized\"><img loading=\"lazy\" decoding=\"async\" width=\"643\" height=\"258\" src=\"https:\/\/www.gruenerzweig-nw.ch\/neu\/wp-content\/uploads\/2025\/12\/Bild5.png\" alt=\"\" class=\"wp-image-2367\" style=\"width:805px;height:auto\" srcset=\"https:\/\/www.gruenerzweig-nw.ch\/neu\/wp-content\/uploads\/2025\/12\/Bild5.png 643w, https:\/\/www.gruenerzweig-nw.ch\/neu\/wp-content\/uploads\/2025\/12\/Bild5-300x120.png 300w, https:\/\/www.gruenerzweig-nw.ch\/neu\/wp-content\/uploads\/2025\/12\/Bild5-370x148.png 370w\" sizes=\"auto, (max-width: 643px) 100vw, 643px\" \/><\/figure>\n\n\n\n<p><\/p>\n\n\n\n<p>Peter, unser Pr\u00e4sident hat dem Verein einen Pizzaofen gespendet, den wir im August 2021 gemeinsam aufbauten.<\/p>\n\n\n\n<figure class=\"wp-block-image size-full is-resized\"><img loading=\"lazy\" decoding=\"async\" width=\"643\" height=\"361\" src=\"https:\/\/www.gruenerzweig-nw.ch\/neu\/wp-content\/uploads\/2025\/12\/Bild6.png\" alt=\"\" class=\"wp-image-2368\" style=\"width:794px;height:auto\" srcset=\"https:\/\/www.gruenerzweig-nw.ch\/neu\/wp-content\/uploads\/2025\/12\/Bild6.png 643w, https:\/\/www.gruenerzweig-nw.ch\/neu\/wp-content\/uploads\/2025\/12\/Bild6-300x168.png 300w, https:\/\/www.gruenerzweig-nw.ch\/neu\/wp-content\/uploads\/2025\/12\/Bild6-370x208.png 370w, https:\/\/www.gruenerzweig-nw.ch\/neu\/wp-content\/uploads\/2025\/12\/Bild6-270x152.png 270w\" sizes=\"auto, (max-width: 643px) 100vw, 643px\" \/><\/figure>\n\n\n\n<p><\/p>\n\n\n\n<figure class=\"wp-block-image size-full is-resized\"><img loading=\"lazy\" decoding=\"async\" width=\"643\" height=\"857\" src=\"https:\/\/www.gruenerzweig-nw.ch\/neu\/wp-content\/uploads\/2025\/12\/Bild7.png\" alt=\"\" class=\"wp-image-2369\" style=\"width:792px;height:auto\" srcset=\"https:\/\/www.gruenerzweig-nw.ch\/neu\/wp-content\/uploads\/2025\/12\/Bild7.png 643w, https:\/\/www.gruenerzweig-nw.ch\/neu\/wp-content\/uploads\/2025\/12\/Bild7-225x300.png 225w, https:\/\/www.gruenerzweig-nw.ch\/neu\/wp-content\/uploads\/2025\/12\/Bild7-370x493.png 370w\" sizes=\"auto, (max-width: 643px) 100vw, 643px\" \/><\/figure>\n\n\n\n<p><\/p>\n\n\n\n<figure class=\"wp-block-image size-full is-resized\"><img loading=\"lazy\" decoding=\"async\" width=\"643\" height=\"482\" src=\"https:\/\/www.gruenerzweig-nw.ch\/neu\/wp-content\/uploads\/2025\/12\/Bild8.png\" alt=\"\" class=\"wp-image-2370\" style=\"width:789px;height:auto\" srcset=\"https:\/\/www.gruenerzweig-nw.ch\/neu\/wp-content\/uploads\/2025\/12\/Bild8.png 643w, https:\/\/www.gruenerzweig-nw.ch\/neu\/wp-content\/uploads\/2025\/12\/Bild8-300x225.png 300w, https:\/\/www.gruenerzweig-nw.ch\/neu\/wp-content\/uploads\/2025\/12\/Bild8-370x277.png 370w\" sizes=\"auto, (max-width: 643px) 100vw, 643px\" \/><\/figure>\n\n\n\n<p><\/p>\n\n\n\n<p>Inzwischen sind unsere Pizzatage fest im Kalender verankert. Der Holzofen eignet sich auch bestens zum Brotbacken. Miteinander Teig auswallen und kreative Pizzabel\u00e4ge ausprobieren, n\u00e4hrt uns nicht nur als hungrige Gartenmitglieder sondern auch als Gemeinschaft.<\/p>\n\n\n\n<p>Das gemeinsame Essen und Feiern zieht sich wie ein w\u00e4rmender Sonnenstrahl durch unsere Gartengeschichte. Bereits im Sommer 2020 luden wir ein erstes Mal Interessierte und Freund:innen zu einem grossen Sommerfest.<\/p>\n\n\n\n<p>Am 18. Januar 2025 fand unser neues Format &#8222;Genusstreffen&#8220; statt. Zusammen sitzen, essen, musizieren, Ideen entwickeln, sich austauschen sind wichtige Fundamentsteine f\u00fcr unseren gemeinsamen Weg.<\/p>\n\n\n\n<p>Inzwischen sind viele Fachfrauen und -M\u00e4nner in unserem Verein. Damit sich das Wissen einzelner&nbsp; m\u00f6glichst unter vielen in unserem Garten T\u00e4tige verbreitet, gibt es seit 2025 die Primus-Samstage.<\/p>\n\n\n\n<p>Immer am ersten Samstag des Monats (<a href=\"http:\/\/neu\/category\/primus-samstage\/\">Primus-Samstage <\/a> \/ <a href=\"http:\/\/neu\/wissensschatz\">Wissensschatz<\/a>) findet ein kurzer Input von einer\/einem fachlich versierten Gr\u00fcnzweigler:in statt. <\/p>\n\n\n\n<p><\/p>\n","protected":false},"excerpt":{"rendered":"<p>Begegnungen im Permakulturgarten Unser Permakulturgarten ist mehr als ein Ort zum G\u00e4rtnern \u2013 er ist ein lebendiger Treffpunkt f\u00fcr Menschen, Natur und Gemeinschaft. Hier begegnen wir uns mit offenen Herzen,&hellip;<\/p>\n","protected":false},"author":1,"featured_media":2378,"comment_status":"open","ping_status":"closed","template":"","class_list":["post-246","cpt_services","type-cpt_services","status-publish","has-post-thumbnail","hentry","cpt_services_group-allgemein"],"_links":{"self":[{"href":"https:\/\/www.gruenerzweig-nw.ch\/neu\/wp-json\/wp\/v2\/cpt_services\/246","targetHints":{"allow":["GET"]}}],"collection":[{"href":"https:\/\/www.gruenerzweig-nw.ch\/neu\/wp-json\/wp\/v2\/cpt_services"}],"about":[{"href":"https:\/\/www.gruenerzweig-nw.ch\/neu\/wp-json\/wp\/v2\/types\/cpt_services"}],"author":[{"embeddable":true,"href":"https:\/\/www.gruenerzweig-nw.ch\/neu\/wp-json\/wp\/v2\/users\/1"}],"replies":[{"embeddable":true,"href":"https:\/\/www.gruenerzweig-nw.ch\/neu\/wp-json\/wp\/v2\/comments?post=246"}],"wp:featuredmedia":[{"embeddable":true,"href":"https:\/\/www.gruenerzweig-nw.ch\/neu\/wp-json\/wp\/v2\/media\/2378"}],"wp:attachment":[{"href":"https:\/\/www.gruenerzweig-nw.ch\/neu\/wp-json\/wp\/v2\/media?parent=246"}],"curies":[{"name":"wp","href":"https:\/\/api.w.org\/{rel}","templated":true}]}}

<h4 class="wp-block-heading">Begegnungen im Permakulturgarten</h4>



<p>Unser Permakulturgarten ist mehr als ein Ort zum Gärtnern – er ist ein lebendiger Treffpunkt für Menschen, Natur und Gemeinschaft. Hier begegnen wir uns mit offenen Herzen, tauschen Wissen, Erfahrungen und Geschichten aus und gestalten gemeinsam einen Ort des Miteinanders.</p>



<p>In unserer Jurte finden Feste, Gespräche und inspirierende Veranstaltungen statt. Beim Jäten, Säen und Ernten im Gemüsegarten stehen wir Seite an Seite, lachen, lernen und genießen die Früchte unserer Arbeit – oft bei einem Stück knuspriger Pizza aus dem Lehmofen.</p>



<p>Besonders beliebt sind unsere <strong data-start="764" data-end="784">Mitmach-Samstage</strong> und <strong data-start="789" data-end="807">Genuss-Treffen</strong>, bei denen jede und jeder willkommen ist. Jeden ersten Samstag im Monat laden wir zu spannenden <strong data-start="904" data-end="925">Mitmach-Vorträgen</strong> ein – von Kompost und Heubeet über Sensen bis Rosenpflege.</p>



<p>So entsteht ein Ort, an dem Menschen sich begegnen, Natur erleben und Gemeinschaft wachsen darf – ganz im Sinne der Permakultur: achtsam, nachhaltig und mit Freude am Leben.</p>



<h4 class="wp-block-heading">Begegnungsorte</h4>



<p>Bereits zu Beginn unseres Gartenprojektes entstand der Wunsch nach einem Klubhaus, einem Kultur- einem Aufwärm-Raum. Dank einer grosszügigen Projektspende von Aqua Solar ist unser Verein seit September 2023 stolze Besitzerin einer Jurte.</p>



<figure class="wp-block-image size-full is-resized"><img loading="lazy" decoding="async" width="643" height="482" src="https://www.gruenerzweig-nw.ch/neu/wp-content/uploads/2025/12/Bild1.png" alt="" class="wp-image-2363" style="width:814px;height:auto" srcset="https://www.gruenerzweig-nw.ch/neu/wp-content/uploads/2025/12/Bild1.png 643w, https://www.gruenerzweig-nw.ch/neu/wp-content/uploads/2025/12/Bild1-300x225.png 300w, https://www.gruenerzweig-nw.ch/neu/wp-content/uploads/2025/12/Bild1-370x277.png 370w" sizes="auto, (max-width: 643px) 100vw, 643px" /></figure>



<p></p>



<figure class="wp-block-image size-full is-resized"><img loading="lazy" decoding="async" width="643" height="482" src="https://www.gruenerzweig-nw.ch/neu/wp-content/uploads/2025/12/Bild2.png" alt="" class="wp-image-2364" style="width:814px;height:auto" srcset="https://www.gruenerzweig-nw.ch/neu/wp-content/uploads/2025/12/Bild2.png 643w, https://www.gruenerzweig-nw.ch/neu/wp-content/uploads/2025/12/Bild2-300x225.png 300w, https://www.gruenerzweig-nw.ch/neu/wp-content/uploads/2025/12/Bild2-370x277.png 370w" sizes="auto, (max-width: 643px) 100vw, 643px" /></figure>



<p></p>



<figure class="wp-block-image size-full is-resized"><img loading="lazy" decoding="async" width="643" height="482" src="https://www.gruenerzweig-nw.ch/neu/wp-content/uploads/2025/12/Bild3.png" alt="" class="wp-image-2365" style="width:815px;height:auto" srcset="https://www.gruenerzweig-nw.ch/neu/wp-content/uploads/2025/12/Bild3.png 643w, https://www.gruenerzweig-nw.ch/neu/wp-content/uploads/2025/12/Bild3-300x225.png 300w, https://www.gruenerzweig-nw.ch/neu/wp-content/uploads/2025/12/Bild3-370x277.png 370w" sizes="auto, (max-width: 643px) 100vw, 643px" /></figure>



<p></p>



<figure class="wp-block-image size-full is-resized"><img loading="lazy" decoding="async" width="643" height="857" src="https://www.gruenerzweig-nw.ch/neu/wp-content/uploads/2025/12/Bild4.png" alt="" class="wp-image-2366" style="width:810px;height:auto" srcset="https://www.gruenerzweig-nw.ch/neu/wp-content/uploads/2025/12/Bild4.png 643w, https://www.gruenerzweig-nw.ch/neu/wp-content/uploads/2025/12/Bild4-225x300.png 225w, https://www.gruenerzweig-nw.ch/neu/wp-content/uploads/2025/12/Bild4-370x493.png 370w" sizes="auto, (max-width: 643px) 100vw, 643px" /></figure>



<p></p>



<figure class="wp-block-image size-full is-resized"><img loading="lazy" decoding="async" width="643" height="258" src="https://www.gruenerzweig-nw.ch/neu/wp-content/uploads/2025/12/Bild5.png" alt="" class="wp-image-2367" style="width:805px;height:auto" srcset="https://www.gruenerzweig-nw.ch/neu/wp-content/uploads/2025/12/Bild5.png 643w, https://www.gruenerzweig-nw.ch/neu/wp-content/uploads/2025/12/Bild5-300x120.png 300w, https://www.gruenerzweig-nw.ch/neu/wp-content/uploads/2025/12/Bild5-370x148.png 370w" sizes="auto, (max-width: 643px) 100vw, 643px" /></figure>



<p></p>



<p>Peter, unser Präsident hat dem Verein einen Pizzaofen gespendet, den wir im August 2021 gemeinsam aufbauten.</p>



<figure class="wp-block-image size-full is-resized"><img loading="lazy" decoding="async" width="643" height="361" src="https://www.gruenerzweig-nw.ch/neu/wp-content/uploads/2025/12/Bild6.png" alt="" class="wp-image-2368" style="width:794px;height:auto" srcset="https://www.gruenerzweig-nw.ch/neu/wp-content/uploads/2025/12/Bild6.png 643w, https://www.gruenerzweig-nw.ch/neu/wp-content/uploads/2025/12/Bild6-300x168.png 300w, https://www.gruenerzweig-nw.ch/neu/wp-content/uploads/2025/12/Bild6-370x208.png 370w, https://www.gruenerzweig-nw.ch/neu/wp-content/uploads/2025/12/Bild6-270x152.png 270w" sizes="auto, (max-width: 643px) 100vw, 643px" /></figure>



<p></p>



<figure class="wp-block-image size-full is-resized"><img loading="lazy" decoding="async" width="643" height="857" src="https://www.gruenerzweig-nw.ch/neu/wp-content/uploads/2025/12/Bild7.png" alt="" class="wp-image-2369" style="width:792px;height:auto" srcset="https://www.gruenerzweig-nw.ch/neu/wp-content/uploads/2025/12/Bild7.png 643w, https://www.gruenerzweig-nw.ch/neu/wp-content/uploads/2025/12/Bild7-225x300.png 225w, https://www.gruenerzweig-nw.ch/neu/wp-content/uploads/2025/12/Bild7-370x493.png 370w" sizes="auto, (max-width: 643px) 100vw, 643px" /></figure>



<p></p>



<figure class="wp-block-image size-full is-resized"><img loading="lazy" decoding="async" width="643" height="482" src="https://www.gruenerzweig-nw.ch/neu/wp-content/uploads/2025/12/Bild8.png" alt="" class="wp-image-2370" style="width:789px;height:auto" srcset="https://www.gruenerzweig-nw.ch/neu/wp-content/uploads/2025/12/Bild8.png 643w, https://www.gruenerzweig-nw.ch/neu/wp-content/uploads/2025/12/Bild8-300x225.png 300w, https://www.gruenerzweig-nw.ch/neu/wp-content/uploads/2025/12/Bild8-370x277.png 370w" sizes="auto, (max-width: 643px) 100vw, 643px" /></figure>



<p></p>



<p>Inzwischen sind unsere Pizzatage fest im Kalender verankert. Der Holzofen eignet sich auch bestens zum Brotbacken. Miteinander Teig auswallen und kreative Pizzabeläge ausprobieren, nährt uns nicht nur als hungrige Gartenmitglieder sondern auch als Gemeinschaft.</p>



<p>Das gemeinsame Essen und Feiern zieht sich wie ein wärmender Sonnenstrahl durch unsere Gartengeschichte. Bereits im Sommer 2020 luden wir ein erstes Mal Interessierte und Freund:innen zu einem grossen Sommerfest.</p>



<p>Am 18. Januar 2025 fand unser neues Format &#8222;Genusstreffen&#8220; statt. Zusammen sitzen, essen, musizieren, Ideen entwickeln, sich austauschen sind wichtige Fundamentsteine für unseren gemeinsamen Weg.</p>



<p>Inzwischen sind viele Fachfrauen und -Männer in unserem Verein. Damit sich das Wissen einzelner&nbsp; möglichst unter vielen in unserem Garten Tätige verbreitet, gibt es seit 2025 die Primus-Samstage.</p>



<p>Immer am ersten Samstag des Monats (<a href="http://neu/category/primus-samstage/">Primus-Samstage </a> / <a href="http://neu/wissensschatz">Wissensschatz</a>) findet ein kurzer Input von einer/einem fachlich versierten Grünzweigler:in statt. </p>



<p></p>

<p>Begegnungen im Permakulturgarten Unser Permakulturgarten ist mehr als ein Ort zum Gärtnern – er ist ein lebendiger Treffpunkt für Menschen, Natur und Gemeinschaft. Hier begegnen wir uns mit offenen Herzen,&hellip;</p>
