{"id":245,"date":"2025-01-28T12:11:44","date_gmt":"2025-01-28T12:11:44","guid":{"rendered":"https:\/\/www.gruenerzweig-nw.ch\/neu\/?post_type=cpt_services&#038;p=245"},"modified":"2025-12-05T10:19:38","modified_gmt":"2025-12-05T10:19:38","slug":"interior","status":"publish","type":"cpt_services","link":"https:\/\/www.gruenerzweig-nw.ch\/neu\/services\/interior\/","title":{"rendered":"Mitmachen"},"content":{"rendered":"<h4 data-start=\"103\" data-end=\"141\">Mitmachen im Permakulturgarten<\/h4>\n<p data-start=\"143\" data-end=\"350\">Bei uns darf jede*r mitmachen \u2013 ganz nach Lust, Zeit und Interesse. Ob beim J\u00e4ten, S\u00e4en, Bauen, Kochen oder einfach beim gem\u00fctlichen Zusammensitzen: Jede helfende Hand und jedes offene Herz ist willkommen.<\/p>\n<p data-start=\"352\" data-end=\"573\">Du entscheidest selbst, wo und wie du dich einbringen m\u00f6chtest. Manche kommen regelm\u00e4\u00dfig, andere nur ab und zu \u2013 alles ist m\u00f6glich. Gemeinsam schaffen wir einen Ort, an dem Natur, Gemeinschaft und Freude wachsen d\u00fcrfen.<\/p>\n<p data-start=\"575\" data-end=\"666\">Komm vorbei, pack mit an oder genie\u00df einfach die Atmosph\u00e4re \u2013 <strong data-start=\"637\" data-end=\"661\">jeder Beitrag z\u00e4hlt!<\/strong><\/p>\n<p>Wurde dein Interesse geweckt und du m\u00f6chtest dich mit Gleichgesinnten zum G\u00e4rtnern, Bauen, M\u00e4hen, Gemeinschaftpflegen und Feiern in unserem Paradies an der Kohlbachstrasse 85 (Link zum Lageplan) engagieren und einbringen?<\/p>\n<h4><strong>SCHNUPPERN<\/strong><\/h4>\n<p>Schau doch unverbindlich mal an einem Samstag ab 10:00 Uhr bei uns im Garten vorbei und lass dich inspirieren.<\/p>\n<p>Melde dich vorher bitte bei Peter Seeberger, um sicher zu gehen, dass jemand im Garten ist. Wir freuen uns auf dich!<\/p>\n\n\n<p>Wenn du eine MITGLIEDSCHAFT beantragen m\u00f6chtest dann klicke <a href=\"\/neu\/mitmachen\/\" data-type=\"page\" data-id=\"1965\">hier<\/a>.<\/p>\n\n\n\n<p>Daten und weitere Informationen zu unseren Mitmachtagen findest du unter \u201eAktuelles\u201c oder <a href=\"\/neu\/category\/primus-samstage\/\" data-type=\"page\" data-id=\"2394\">hier<\/a><\/p>\n\n\n\n<p><\/p>\n","protected":false},"excerpt":{"rendered":"<p>Mitmachen im Permakulturgarten Bei uns darf jede*r mitmachen \u2013 ganz nach Lust, Zeit und Interesse. Ob beim J\u00e4ten, S\u00e4en, Bauen, Kochen oder einfach beim gem\u00fctlichen Zusammensitzen: Jede helfende Hand und&hellip;<\/p>\n","protected":false},"author":1,"featured_media":2146,"comment_status":"open","ping_status":"closed","template":"","class_list":["post-245","cpt_services","type-cpt_services","status-publish","has-post-thumbnail","hentry","cpt_services_group-allgemein"],"_links":{"self":[{"href":"https:\/\/www.gruenerzweig-nw.ch\/neu\/wp-json\/wp\/v2\/cpt_services\/245","targetHints":{"allow":["GET"]}}],"collection":[{"href":"https:\/\/www.gruenerzweig-nw.ch\/neu\/wp-json\/wp\/v2\/cpt_services"}],"about":[{"href":"https:\/\/www.gruenerzweig-nw.ch\/neu\/wp-json\/wp\/v2\/types\/cpt_services"}],"author":[{"embeddable":true,"href":"https:\/\/www.gruenerzweig-nw.ch\/neu\/wp-json\/wp\/v2\/users\/1"}],"replies":[{"embeddable":true,"href":"https:\/\/www.gruenerzweig-nw.ch\/neu\/wp-json\/wp\/v2\/comments?post=245"}],"wp:featuredmedia":[{"embeddable":true,"href":"https:\/\/www.gruenerzweig-nw.ch\/neu\/wp-json\/wp\/v2\/media\/2146"}],"wp:attachment":[{"href":"https:\/\/www.gruenerzweig-nw.ch\/neu\/wp-json\/wp\/v2\/media?parent=245"}],"curies":[{"name":"wp","href":"https:\/\/api.w.org\/{rel}","templated":true}]}}

<h4 data-start="103" data-end="141">Mitmachen im Permakulturgarten</h4>
<p data-start="143" data-end="350">Bei uns darf jede*r mitmachen – ganz nach Lust, Zeit und Interesse. Ob beim Jäten, Säen, Bauen, Kochen oder einfach beim gemütlichen Zusammensitzen: Jede helfende Hand und jedes offene Herz ist willkommen.</p>
<p data-start="352" data-end="573">Du entscheidest selbst, wo und wie du dich einbringen möchtest. Manche kommen regelmäßig, andere nur ab und zu – alles ist möglich. Gemeinsam schaffen wir einen Ort, an dem Natur, Gemeinschaft und Freude wachsen dürfen.</p>
<p data-start="575" data-end="666">Komm vorbei, pack mit an oder genieß einfach die Atmosphäre – <strong data-start="637" data-end="661">jeder Beitrag zählt!</strong></p>
<p>Wurde dein Interesse geweckt und du möchtest dich mit Gleichgesinnten zum Gärtnern, Bauen, Mähen, Gemeinschaftpflegen und Feiern in unserem Paradies an der Kohlbachstrasse 85 (Link zum Lageplan) engagieren und einbringen?</p>
<h4><strong>SCHNUPPERN</strong></h4>
<p>Schau doch unverbindlich mal an einem Samstag ab 10:00 Uhr bei uns im Garten vorbei und lass dich inspirieren.</p>
<p>Melde dich vorher bitte bei Peter Seeberger, um sicher zu gehen, dass jemand im Garten ist. Wir freuen uns auf dich!</p>


<p>Wenn du eine MITGLIEDSCHAFT beantragen möchtest dann klicke <a href="/neu/mitmachen/" data-type="page" data-id="1965">hier</a>.</p>



<p>Daten und weitere Informationen zu unseren Mitmachtagen findest du unter „Aktuelles“ oder <a href="/neu/category/primus-samstage/" data-type="page" data-id="2394">hier</a></p>



<p></p>

<p>Mitmachen im Permakulturgarten Bei uns darf jede*r mitmachen – ganz nach Lust, Zeit und Interesse. Ob beim Jäten, Säen, Bauen, Kochen oder einfach beim gemütlichen Zusammensitzen: Jede helfende Hand und&hellip;</p>
